{"id":47,"date":"2020-10-04T08:53:07","date_gmt":"2020-10-04T08:53:07","guid":{"rendered":"https:\/\/waerchwaelt.ch\/?page_id=47"},"modified":"2020-10-11T16:04:21","modified_gmt":"2020-10-11T16:04:21","slug":"kontakt","status":"publish","type":"page","link":"https:\/\/waerchwaelt.ch\/index.php\/kontakt\/","title":{"rendered":"kontakt"},"content":{"rendered":"\n<p>beschtellige und wiiteri informatione bitte via <a href=\"&#x6d;&#97;i&#x6c;&#x74;&#111;:&#x63;&#111;n&#x69;&#x40;&#119;a&#x65;&#114;c&#x68;&#x77;&#97;e&#x6c;&#x74;&#46;&#x63;&#x68;\">email<\/a> a mich s\u00e4nde.<\/p>\n\n\n\n<p><a href=\"&#x6d;&#x61;&#x69;&#108;&#116;o:&#x77;&#x65;&#x62;&#x6d;&#97;&#115;te&#x72;&#x40;&#x77;&#97;&#101;&#114;ch&#x77;&#x61;&#x65;&#108;&#116;&#46;c&#x68;\">feedback <\/a>und amerkige betr\u00e4ffend dr homepage?<\/p>\n\n\n\n<p>&#8230;<\/p>\n\n\n\n<p>powered by w\u00e4rchw\u00e4lt punkt ch<\/p>\n","protected":false},"excerpt":{"rendered":"<p>beschtellige und wiiteri informatione bitte via email a mich s\u00e4nde. feedback und amerkige betr\u00e4ffend dr homepage? &#8230; powered by w\u00e4rchw\u00e4lt punkt ch<\/p>\n","protected":false},"author":1,"featured_media":0,"parent":0,"menu_order":0,"comment_status":"closed","ping_status":"closed","template":"","meta":{"footnotes":""},"class_list":["post-47","page","type-page","status-publish","hentry"],"_links":{"self":[{"href":"https:\/\/waerchwaelt.ch\/index.php\/wp-json\/wp\/v2\/pages\/47","targetHints":{"allow":["GET"]}}],"collection":[{"href":"https:\/\/waerchwaelt.ch\/index.php\/wp-json\/wp\/v2\/pages"}],"about":[{"href":"https:\/\/waerchwaelt.ch\/index.php\/wp-json\/wp\/v2\/types\/page"}],"author":[{"embeddable":true,"href":"https:\/\/waerchwaelt.ch\/index.php\/wp-json\/wp\/v2\/users\/1"}],"replies":[{"embeddable":true,"href":"https:\/\/waerchwaelt.ch\/index.php\/wp-json\/wp\/v2\/comments?post=47"}],"version-history":[{"count":9,"href":"https:\/\/waerchwaelt.ch\/index.php\/wp-json\/wp\/v2\/pages\/47\/revisions"}],"predecessor-version":[{"id":190,"href":"https:\/\/waerchwaelt.ch\/index.php\/wp-json\/wp\/v2\/pages\/47\/revisions\/190"}],"wp:attachment":[{"href":"https:\/\/waerchwaelt.ch\/index.php\/wp-json\/wp\/v2\/media?parent=47"}],"curies":[{"name":"wp","href":"https:\/\/api.w.org\/{rel}","templated":true}]}}