{"id":260,"date":"2021-03-16T10:04:02","date_gmt":"2021-03-16T10:04:02","guid":{"rendered":"https:\/\/waerchwaelt.ch\/?page_id=260"},"modified":"2021-03-16T10:05:59","modified_gmt":"2021-03-16T10:05:59","slug":"kuscheltueechli","status":"publish","type":"page","link":"https:\/\/waerchwaelt.ch\/index.php\/kuscheltueechli\/","title":{"rendered":"Kuschelt\u00fcechli"},"content":{"rendered":"\n<p><a href=\"https:\/\/waerchwaelt.ch\/index.php\/angebot\/\">zrugg<\/a><\/p>\n\n\n\n<p>Kuschelt\u00fcechli mit Elemente zum Ertasten darin 16.- CHF<\/p>\n\n\n\n<p>Kuschelt\u00fcechli mit Elementen zum Ertasten, Rasseli oder Gl\u00f6ckli innen &amp; Beissanh\u00e4nger 24.- CHF<\/p>\n\n\n\n<figure class=\"wp-block-image size-large\"><img loading=\"lazy\" decoding=\"async\" width=\"768\" height=\"1024\" src=\"https:\/\/waerchwaelt.ch\/wp-content\/uploads\/2021\/03\/WhatsApp-Image-2021-02-11-at-07.37.15-1-768x1024.jpeg\" alt=\"\" class=\"wp-image-261\" srcset=\"https:\/\/waerchwaelt.ch\/wp-content\/uploads\/2021\/03\/WhatsApp-Image-2021-02-11-at-07.37.15-1-768x1024.jpeg 768w, https:\/\/waerchwaelt.ch\/wp-content\/uploads\/2021\/03\/WhatsApp-Image-2021-02-11-at-07.37.15-1-225x300.jpeg 225w, https:\/\/waerchwaelt.ch\/wp-content\/uploads\/2021\/03\/WhatsApp-Image-2021-02-11-at-07.37.15-1-1152x1536.jpeg 1152w, https:\/\/waerchwaelt.ch\/wp-content\/uploads\/2021\/03\/WhatsApp-Image-2021-02-11-at-07.37.15-1.jpeg 1512w\" sizes=\"auto, (max-width: 767px) 89vw, (max-width: 1000px) 54vw, (max-width: 1071px) 543px, 580px\" \/><\/figure>\n\n\n\n<figure class=\"wp-block-image size-large\"><img loading=\"lazy\" decoding=\"async\" width=\"768\" height=\"1024\" src=\"https:\/\/waerchwaelt.ch\/wp-content\/uploads\/2021\/03\/WhatsApp-Image-2021-02-11-at-07.37.15-768x1024.jpeg\" alt=\"\" class=\"wp-image-262\" srcset=\"https:\/\/waerchwaelt.ch\/wp-content\/uploads\/2021\/03\/WhatsApp-Image-2021-02-11-at-07.37.15-768x1024.jpeg 768w, https:\/\/waerchwaelt.ch\/wp-content\/uploads\/2021\/03\/WhatsApp-Image-2021-02-11-at-07.37.15-225x300.jpeg 225w, https:\/\/waerchwaelt.ch\/wp-content\/uploads\/2021\/03\/WhatsApp-Image-2021-02-11-at-07.37.15-1152x1536.jpeg 1152w, https:\/\/waerchwaelt.ch\/wp-content\/uploads\/2021\/03\/WhatsApp-Image-2021-02-11-at-07.37.15.jpeg 1512w\" sizes=\"auto, (max-width: 767px) 89vw, (max-width: 1000px) 54vw, (max-width: 1071px) 543px, 580px\" \/><\/figure>\n\n\n\n<figure class=\"wp-block-image size-large\"><img loading=\"lazy\" decoding=\"async\" width=\"768\" height=\"1024\" src=\"https:\/\/waerchwaelt.ch\/wp-content\/uploads\/2021\/03\/WhatsApp-Image-2021-02-11-at-07.38.47-2-1-768x1024.jpeg\" alt=\"\" class=\"wp-image-263\" srcset=\"https:\/\/waerchwaelt.ch\/wp-content\/uploads\/2021\/03\/WhatsApp-Image-2021-02-11-at-07.38.47-2-1-768x1024.jpeg 768w, https:\/\/waerchwaelt.ch\/wp-content\/uploads\/2021\/03\/WhatsApp-Image-2021-02-11-at-07.38.47-2-1-225x300.jpeg 225w, https:\/\/waerchwaelt.ch\/wp-content\/uploads\/2021\/03\/WhatsApp-Image-2021-02-11-at-07.38.47-2-1-1152x1536.jpeg 1152w, https:\/\/waerchwaelt.ch\/wp-content\/uploads\/2021\/03\/WhatsApp-Image-2021-02-11-at-07.38.47-2-1.jpeg 1512w\" sizes=\"auto, (max-width: 767px) 89vw, (max-width: 1000px) 54vw, (max-width: 1071px) 543px, 580px\" \/><\/figure>\n\n\n\n<figure class=\"wp-block-image size-large\"><img loading=\"lazy\" decoding=\"async\" width=\"768\" height=\"1024\" src=\"https:\/\/waerchwaelt.ch\/wp-content\/uploads\/2021\/03\/WhatsApp-Image-2021-02-11-at-07.39.36-3-768x1024.jpeg\" alt=\"\" class=\"wp-image-264\" srcset=\"https:\/\/waerchwaelt.ch\/wp-content\/uploads\/2021\/03\/WhatsApp-Image-2021-02-11-at-07.39.36-3-768x1024.jpeg 768w, https:\/\/waerchwaelt.ch\/wp-content\/uploads\/2021\/03\/WhatsApp-Image-2021-02-11-at-07.39.36-3-225x300.jpeg 225w, https:\/\/waerchwaelt.ch\/wp-content\/uploads\/2021\/03\/WhatsApp-Image-2021-02-11-at-07.39.36-3-1152x1536.jpeg 1152w, https:\/\/waerchwaelt.ch\/wp-content\/uploads\/2021\/03\/WhatsApp-Image-2021-02-11-at-07.39.36-3.jpeg 1536w\" sizes=\"auto, (max-width: 767px) 89vw, (max-width: 1000px) 54vw, (max-width: 1071px) 543px, 580px\" \/><\/figure>\n\n\n\n<p><a href=\"https:\/\/waerchwaelt.ch\/index.php\/angebot\/\" data-type=\"page\" data-id=\"44\">zrugg<\/a><\/p>\n","protected":false},"excerpt":{"rendered":"<p>zrugg Kuschelt\u00fcechli mit Elemente zum Ertasten darin 16.- CHF Kuschelt\u00fcechli mit Elementen zum Ertasten, Rasseli oder Gl\u00f6ckli innen &amp; Beissanh\u00e4nger 24.- CHF zrugg<\/p>\n","protected":false},"author":1,"featured_media":0,"parent":0,"menu_order":0,"comment_status":"closed","ping_status":"closed","template":"","meta":{"footnotes":""},"class_list":["post-260","page","type-page","status-publish","hentry"],"_links":{"self":[{"href":"https:\/\/waerchwaelt.ch\/index.php\/wp-json\/wp\/v2\/pages\/260","targetHints":{"allow":["GET"]}}],"collection":[{"href":"https:\/\/waerchwaelt.ch\/index.php\/wp-json\/wp\/v2\/pages"}],"about":[{"href":"https:\/\/waerchwaelt.ch\/index.php\/wp-json\/wp\/v2\/types\/page"}],"author":[{"embeddable":true,"href":"https:\/\/waerchwaelt.ch\/index.php\/wp-json\/wp\/v2\/users\/1"}],"replies":[{"embeddable":true,"href":"https:\/\/waerchwaelt.ch\/index.php\/wp-json\/wp\/v2\/comments?post=260"}],"version-history":[{"count":2,"href":"https:\/\/waerchwaelt.ch\/index.php\/wp-json\/wp\/v2\/pages\/260\/revisions"}],"predecessor-version":[{"id":268,"href":"https:\/\/waerchwaelt.ch\/index.php\/wp-json\/wp\/v2\/pages\/260\/revisions\/268"}],"wp:attachment":[{"href":"https:\/\/waerchwaelt.ch\/index.php\/wp-json\/wp\/v2\/media?parent=260"}],"curies":[{"name":"wp","href":"https:\/\/api.w.org\/{rel}","templated":true}]}}